 factors of 6849113.
17, 101, 3989
What are the prime factors of 1356411023?
11, 47, 577, 4547
What are the prime factors of 19165754?
2, 47, 53, 3847
List the prime factors of 120172369.
120172369
What are the prime factors of 576308162?
2, 288154081
List the prime factors of 146265343.
7, 2985007
List the prime factors of 11922079.
13, 917083
What are the prime factors of 347516297?
347516297
What are the prime factors of 369156899?
369156899
What are the prime factors of 49356318?
2, 3, 11, 29, 107, 241
What are the prime factors of 181436325?
3, 5, 7, 17, 29, 701
List the prime factors of 2311899779.
7, 47, 1201, 5851
What are the prime factors of 491053754?
2, 373, 419, 1571
List the prime factors of 21519630.
2, 3, 5, 11, 21737
What are the prime factors of 115041794?
2, 7, 8217271
List the prime factors of 1958260533.
3, 1511, 432001
What are the prime factors of 979543?
979543
What are the prime factors of 23361941?
31, 753611
What are the prime factors of 69449752?
2, 83, 104593
List the prime factors of 18999127.
7, 23, 199, 593
What are the prime factors of 168290009?
4657, 36137
List the prime factors of 99716495.
5, 19943299
What are the prime factors of 96277938?
2, 3, 127, 126349
What are the prime factors of 46745696?
2, 73, 20011
What are the prime factors of 1893227774?
2, 47, 1559, 12919
List the prime factors of 406539891.
3, 709, 7079
List the prime factors of 388888332.
2, 3, 7, 4629623
List the prime factors of 582464627.
19, 23, 43, 139, 223
List the prime factors of 69104939.
67, 71, 73, 199
List the prime factors of 863390496.
2, 3, 103, 87317
List the prime factors of 1189477218.
2, 3, 1181, 167863
List the prime factors of 50267296.
2, 101, 103, 151
List the prime factors of 104345044.
2, 26086261
List the prime factors of 299478147.
3, 23, 89, 48767
What are the prime factors of 942094689?
3, 19, 16527977
What are the prime factors of 183796404?
2, 3, 11, 23, 60539
List the prime factors of 6931137.
3, 47, 49157
What are the prime factors of 206740580?
2, 5, 10337029
List the prime factors of 81454753.
23, 3541511
List the prime factors of 725700940.
2, 5, 71, 511057
List the prime factors of 1404738733.
1404738733
List the prime factors of 3860320390.
2, 5, 17, 1335751
What are the prime factors of 29060544?
2, 3, 151357
What are the prime factors of 115343134?
2, 37, 1558691
What are the prime factors of 1337943320?
2, 5, 7, 661, 7229
What are the prime factors of 286348953?
3, 11, 31, 317, 883
List the prime factors of 602752177.
602752177
What are the prime factors of 823658040?
2, 3, 5, 97, 103, 229
List the prime factors of 13165746.
2, 3, 11, 19, 10499
What are the prime factors of 63057268?
2, 47, 335411
What are the prime factors of 740233786?
2, 2053, 180281
What are the prime factors of 642632890?
2, 5, 64263289
What are the prime factors of 131876142?
2, 3, 21979357
List the prime factors of 2678073770.
2, 5, 23, 263, 44273
What are the prime factors of 1803480652?
2, 29, 15547247
List the prime factors of 1429604431.
1429604431
What are the prime factors of 11780340?
2, 3, 5, 11, 13, 1373
What are the prime factors of 448810576?
2, 28050661
What are the prime factors of 270432210?
2, 3, 5, 9014407
What are the prime factors of 125085589?
31, 4035019
What are the prime factors of 48419584?
2, 189139
List the prime factors of 42872139.
3, 359, 4423
What are the prime factors of 783621741?
3, 7, 47, 229, 3467
List the prime factors of 354844430.
2, 5, 37, 97, 9887
What are the prime factors of 1221031244?
2, 577, 529043
List the prime factors of 116484800.
2, 5, 47, 1549
What are the prime factors of 101557258?
2, 11, 1811, 2549
What are the prime factors of 5607152854?
2, 2803576427
What are the prime factors of 8209635060?
2, 3, 5, 11, 2377, 5233
List the prime factors of 1813014138.
2, 3, 13, 23243771
What are the prime factors of 74642113?
7, 13, 820243
What are the prime factors of 1921346972?
2, 480336743
What are the prime factors of 41993696?
2, 1312303
What are the prime factors of 35010779?
193, 283, 641
List the prime factors of 1972411872.
2, 3, 20545957
What are the prime factors of 59712707?
109, 547823
What are the prime factors of 1089876715?
5, 17, 12822079
What are the prime factors of 1206610623?
3, 134067847
What are the prime factors of 844801329?
3, 281600443
List the prime factors of 1635003747.
3, 13, 17, 67, 12269
List the prime factors of 352772051.
79, 557, 8017
List the prime factors of 7292850695.
5, 13, 23, 977, 4993
List the prime factors of 2352271.
59, 39869
List the prime factors of 507106637.
19, 71, 313, 1201
What are the prime factors of 451990621?
113, 3999917
What are the prime factors of 141527712?
2, 3, 1474247
What are the prime factors of 221063165?
5, 193, 229081
List the prime factors of 917451861.
3, 1567, 195161
List the prime factors of 7118710816.
2, 7, 193, 164663
What are the prime factors of 187634117?
11, 17, 59023
What are the prime factors of 4908175?
5, 19, 10333
What are the prime factors of 55089946?
2, 67, 411119
List the prime factors of 143378092.
2, 11, 13, 367, 683
List the prime factors of 585525702.
2, 3, 61, 373, 4289
List the prime factors of 21332037.
3, 229, 31051
What are the prime factors of 209779228?
2, 19, 23, 120011
List the prime factors of 300576562.
2, 11, 13, 47, 59, 379
List the prime factors of 999250921.
28429, 35149
List the prime factors of 23179899.
3, 7726633
What are the prime factors of 52008607?
7, 31, 239671
What are the prime factors of 45109863?
3, 1723, 2909
What are the prime factors of 70750532?
2, 17, 1040449
List the prime factors of 916519591.
13, 601, 117307
List the prime factors of 671451224.
2, 827, 101489
What are the prime factors of 150455392?
2, 4701731
List the prime factors of 2346052622.
2, 1173026311
List the prime factors of 28996540.
2, 5, 1449827
What are the prime factors of 7582961654?
2, 3727, 1017301
What are the prime factors of 136359801?
3, 23, 9547
List the prime factors of 879707275.
5, 41, 858251
List the prime factors of 699262061.
2447, 285763
List the prime factors of 553995495.
3, 5, 113, 108947
List the prime factors of 322773388.
2, 7, 83, 19841
List the prime factors of 311711396.
2, 59, 1320811
List the prime factors of 18772293.
3, 6257431
List the prime factors of 1516130504.
2, 7, 27073759
What are the prime factors of 1036289527?
7, 13, 11387797
What are the prime factors of 45947596?
2, 479, 23981
List the prime factors of 56146428.
2, 3, 13, 119971
List the prime factors of 1021484124.
2, 3, 28374559
What are the prime factors of 1220997342?
2, 3, 19, 617, 17359
What are the prime factors of 4424526983?
1021, 4333523
What are the prime factors of 3111394302?
2, 3, 79, 193, 3779
What are the prime factors of 62186373?
3, 19, 13469
List the prime factors of 2910779851.
7, 29, 739, 19403
List the prime factors of 2505088815.
3, 5, 23, 79, 107, 859
List the prime factors of 2748622955.
5, 13, 107, 395201
What are the prime factors of 2103181793?
191, 389, 28307
What are the prime factors of 170796330?
2, 3, 5, 733, 863
What are the prime factors of 99418210?
2, 5, 17, 97, 6029
What are the prime factors of 1733760969?
3, 29, 19928287
List the prime factors of 2447658055.
5, 1801, 271811
What are the prime factors of 3461971719?
3, 1153990573
What are the prime factors of 255515531?
255515531
What are the prime factors of 65299291?
65299291
What are the prime factors of 43149430?
2, 5, 4314943
What are the prime factors of 26834032?
2, 557, 3011
List the prime factors of 72934938.
2, 3, 1350647
List the prime factors of 58306055.
5, 337, 34603
List the prime factors of 138383455.
5, 7, 3953813
What are the prime factors of 34518109?
17, 137, 14821
List the prime factors of 62428287.
3, 37, 562417
What are the prime factors of 676328586?
2, 3, 112721431
What are the prime factors of 597594651?
3, 199198217
What are the prime factors of 22254395?
5, 107, 41597
List the prime factors of 74777305.
5, 17, 51749
List the prime factors of 3037365373.
7, 29, 967, 15473
What are the prime factors of 925973336?
2, 1483, 78049
List the prime factors of 68080324.
2, 13, 1309237
List the prime factors of 20926055.
5, 4185211
What are the prime factors of 3792710242?
2, 24419, 77659
W